456
In base 15, what is -ce - -5d?
-71
In base 13, what is -c4c89a - -4?
-c4c896
In base 3, what is 22 + 12210200112?
12210200211
In base 4, what is 3 - -22121133?
22121202
In base 11, what is 2700a + 2?
27011
In base 12, what is 59 + b52?
bab
In base 12, what is -269b95 + -4?
-269b99
In base 10, what is -264 + -153?
-417
In base 4, what is -1100002121 + -3?
-1100002130
In base 3, what is -2012200 + 110?
-2012020
In base 6, what is 35 + -233?
-154
In base 2, what is -10000111111001010010011 - 10?
-10000111111001010010101
In base 3, what is 102212121 + -102?
102212012
In base 13, what is -c - 22a1?
-22b0
In base 2, what is -10000011110011 - 1001?
-10000011111100
In base 13, what is -453b2 - 0?
-453b2
In base 12, what is 25178 + -4?
25174
In base 8, what is 1 - -66616?
66617
In base 13, what is -3 + 69c00?
69bca
In base 6, what is 21251053 + 2?
21251055
In base 10, what is 2 + -8546?
-8544
In base 5, what is -1210 + 103014?
101304
In base 7, what is -1 + 6121353?
6121352
In base 12, what is 35b4 - 3?
35b1
In base 16, what is 156b + d?
1578
In base 4, what is -20021133 - -11?
-20021122
In base 2, what is -1000 + 100010000?
100001000
In base 11, what is -29173 + -7?
-2917a
In base 8, what is -4032 - 46?
-4100
In base 3, what is -1211110001212 + -1?
-1211110001220
In base 5, what is 341020 - -114?
341134
In base 7, what is 10404 - 104?
10300
In base 6, what is 1 + 1413224?
1413225
In base 13, what is -298b6 - 1?
-298b7
In base 8, what is 255 + -5562?
-5305
In base 6, what is -321 + -503?
-1224
In base 8, what is -4 - 11262?
-11266
In base 14, what is 1314da - -1?
1314db
In base 5, what is 4343 - 200?
4143
In base 6, what is 4 + -1332113?
-1332105
In base 13, what is -2b4110 + 3?
-2b410a
In base 8, what is -5747 + 142?
-5605
In base 13, what is 12b + -5c6?
-498
In base 10, what is -1 - -645?
644
In base 7, what is -13326 - -1?
-13325
In base 16, what is -10093 + 4?
-1008f
In base 13, what is -83 + -bc4?
-c77
In base 14, what is -6 + 776b2?
776aa
In base 16, what is 3 - -8d5b?
8d5e
In base 5, what is -213302 + -10?
-213312
In base 11, what is 9a - -6079?
6168
In base 12, what is -8 + -17499?
-174a5
In base 12, what is 448 - 19?
42b
In base 11, what is 20300 + -9?
202a2
In base 15, what is -3 - 2a78?
-2a7b
In base 5, what is -14 - -211142?
211123
In base 11, what is 2 - 729438?
-729436
In base 3, what is -12 - 121002?
-121021
In base 10, what is -9 - -23963?
23954
In base 12, what is -275a36 - -1?
-275a35
In base 7, what is -104146 + 5?
-104141
In base 10, what is 132 - -5086?
5218
In base 13, what is 0 - 5009?
-5009
In base 9, what is 4 - -685877?
685882
In base 11, what is -143349 - 1?
-14334a
In base 6, what is 41553 - -44?
42041
In base 2, what is 110011000 - -11110000?
1010001000
In base 6, what is -11035 + -50?
-11125
In base 14, what is -12a5d - 2?
-12a61
In base 16, what is -da77 + 2?
-da75
In base 5, what is 12 + 1033313?
1033330
In base 6, what is 1435450 - -5?
1435455
In base 7, what is 12450 + -33?
12414
In base 2, what is 100101001011 + 110100?
100101111111
In base 13, what is -194 - a33?
-bc7
In base 9, what is 3313 + 366?
3680
In base 8, what is 44 + -126?
-62
In base 8, what is -56 - -15036?
14760
In base 2, what is 11111010 + 10000111?
110000001
In base 6, what is 3324041 + 11?
3324052
In base 10, what is 1 - -298202?
298203
In base 7, what is 20 + 36224?
36244
In base 9, what is 3368 - -65?
3444
In base 13, what is -7 - 22286?
-22290
In base 7, what is -60314 - 0?
-60314
In base 13, what is -2a3 + 126?
-17a
In base 13, what is -229a9 - 0?
-229a9
In base 12, what is -a4 + -332?
-416
In base 10, what is -3 + -22976?
-22979
In base 14, what is b + 328cc?
328d9
In base 6, what is -34211 - -10?
-34201
In base 8, what is 2 - 55360?
-55356
In base 9, what is 10184 + 8?
10203
In base 4, what is 33111203 + 3?
33111212
In base 5, what is 44440 - -204?
100144
In base 3, what is -20211 + -220012?
-1011000
In base 16, what is 4 - 8c0f?
-8c0b
In base 5, what is -2043 + 1001?
-1042
In base 12, what is 4009 + -18?
3bb1
In base 6, what is 5 + -21304?
-21255
In base 4, what is -1003300221 - 2?
-1003300223
In base 6, what is 2232 + 122?
2354
In base 13, what is -a - 98c?
-999
In base 9, what is 351811 + 2?
351813
In base 11, what is -5684 - 29?
-5702
In base 9, what is -214 - 16777?
-17102
In base 15, what is -39e - 18?
-3b7
In base 7, what is 32 - -44430?
44462
In base 13, what is 729 - c3?
636
In base 10, what is 1238 - 748?
490
In base 3, what is 1122011220 + -21?
1122011122
In base 5, what is 1433 - -413?
2401
In base 9, what is -3152 + 185?
-2856
In base 9, what is 174281 + -2?
174278
In base 11, what is 9141 + -1?
9140
In base 7, what is -4 + 122260?
122253
In base 15, what is -c6 - 1ae?
-285
In base 13, what is -405 + 15?
-3c0
In base 7, what is -2005 - 5135?
-10143
In base 9, what is 338 + 466?
815
In base 15, what is -6e4 - -25?
-6be
In base 5, what is -40444212 + -1?
-40444213
In base 3, what is -111 - -22022202?
22022021
In base 5, what is -142 - 21212?
-21404
In base 16, what is 57 - -365?
3bc
In base 4, what is 113223 - 103?
113120
In base 12, what is -87370 - 5?
-87375
In base 8, what is -17 + -62432?
-62451
In base 9, what is -25 - 3116?
-3142
In base 2, what is -101010110 - -101001001?
-1101
In base 16, what is 96c5 - -1?
96c6
In base 15, what is -3e5b0b - 3?
-3e5b0e
In base 9, what is 46 + -1651?
-1604
In base 5, what is 124 - 4334?
-4210
In base 15, what is -a5 + 6?
-9e
In base 9, what is 27733 - 10?
27723
In base 12, what is -62b + 18?
-613
In base 3, what is -10 - -12122200012?
12122200002
In base 8, what is -605 - -36?
-547
In base 3, what is -2110002 + 2112020?
2011
In base 15, what is 209 + 1c56?
1e60
In base 8, what is 2 + 2355467?
2355471
In base 3, what is -11022 - 101201010?
-101212102
In base 12, what is 3 - -108804?
108807
In base 16, what is 3 - -f52?
f55
In base 11, what is aa31 + 0?
aa31
In base 2, what is -1000001001000000 - 0?
-1000001001000000
In base 14, what is d9 - -ad?
1a8
In base 11, what is -2486 - 11a?
-25a5
In base 13, what is 21 + -91?
-70
In base 5, what is 4 - 404023?
-404014
In base 4, what is 3023 + 1121?
10210
In base 16, what is -1b2 + d?
-1a5
In base 9, what is -306 + 18526?
18220
In base 4, what is -110232022 + -2?
-110232030
In base 2, what is 1010010100100 + 11000?
1010010111100
In base 12, what is 1013 + -43?
b90
In base 13, what is -72 - 381?
-423
In base 4, what is 203031 - -213120?
1022211
In base 14, what is 3 + -2db0?
-2dab
In base 4, what is -103210113 - 1?
-103210120
In base 6, what is -5 - -115550?
115541
In base 7, what is 2306 + 100?
2406
In base 14, what is ca - 390?
-2a4
In base 16, what is 4 + -451?
-44d
In base 8, what is 6464 - -3?
6467
In base 7, what is -2260365 - 1?
-2260366
In base 9, what is -137 + -5426?
-5564
In base 4, what is 3 + -1321213?
-1321210
In base 14, what is -3 - -920a?
9207
In base 7, what is 112565 - 5?
112560
In base 6, what is 121210 - -1?
121211
In base 6, what is -30354 + 22?
-30332
In base 10, what is 21 - -352?
373
In base 11, what is 8150 - -5?
8155
In base 9, what is -2 + -12084?
-12086
In base 10, what is -3707211 + 1?
-3707210
In base 3, what is -2110102 + -121022?
-10001201
In base 9, what is -305 - 547?
-853
In base 16, what is -7ed + 9?
-7e4
In base 7, what is 5422352 + 4?
5422356
In base 2, what is 110010 - -1101011011111?
1101100010001
In base 9, what is 2067 - 455?
1512
In base 11, what is 216030 + -2?
216029
In base 15, what is 1b + -1c1c?
-1c01
In base 8, what is -32370 + 0?
-32370
In base 11, what is -3472 - 79?
-3540
In base 7, what is 13111062 + 5?
13111100
In base 16, what is -1865 + -47?
-18ac
In base 8, what is -4 + 121507?
121503
In base 12, what is 0 + -586?
-586
In base 7, what is -35 + -320?
-355
In base 6, what is 2 - -55204?
55210
In base 11, what is 12a80 + 16?
12a96
In base 10, what is 728 - -5?
733
In base 16, what is 2 - 5342b?
-53429
In base 8, what is 64 - 102531?
-102445
In base 3, what is 1021002102 + 10?
1021002112
In base 11, what is 37a + -293?
97
In base 10, what is 5 - -57?
62
In base 9, what is -1041064 + -2?
-1041066
In base 15, what is 3 - cc985?
-cc982
In base 7, what is 46533 - 4?
46526
In base 7, what is 164126 + 0?
164126
In base 15, what is b2a0 + 13?
b2b3
In base 9, what is -1520 + -838?
-2458
In base 8, wh